z*t. List the prime factors of t.
2, 5
Suppose -r = -2*r + 4. Suppose 0 = 2*j - 26 + r. What are the prime factors of j?
11
Let b(m) = 2*m**2 - 2*m - 2. Suppose 2*o = 3*q - 2*o - 8, 2*o + 10 = 0. Let x = q - -6. List the prime factors of b(x).
2
Suppose 184 = -0*d + 4*d. List the prime factors of d.
2, 23
Let g(l) = -3*l. Let z = -25 + 18. List the prime factors of g(z).
3, 7
Let g(q) = q**2 - 2*q + 9. What are the prime factors of g(-13)?
2, 3, 17
Let i(p) = p**2 + p - 1. Let g(t) = 5*t**2 + 12*t + 1. Let c(w) = g(w) - 6*i(w). Let f be c(6). List the prime factors of 82/7 + 2/f.
2, 3
Suppose -4*x = 2*m - 14, -2*m = 5*x - 6 - 12. What are the prime factors of x?
2
Let s(y) be the first derivative of 2*y**3/3 + 4*y**2 + 5*y - 3. List the prime factors of s(-5).
3, 5
Let t be (-81)/(-5) + (-4)/20. What are the prime factors of 98/4 + (-24)/t?
23
Suppose 92 + 0 = -4*r. Let l = r + 44. What are the prime factors of l?
3, 7
Suppose 4*v - 245 + 85 = 4*m, -5*v + 192 = 3*m. What are the prime factors of v?
3, 13
List the prime factors of 291 - (3 + 2 + 1).
3, 5, 19
Suppose 5*q - 25 = -0*q. Suppose 0 = -2*a + 4*n - 20, a + 0*a + 25 = q*n. Suppose -i + 10 = -a*i. What are the prime factors of i?
2, 5
Suppose 415 + 1373 = 12*b. What are the prime factors of b?
149
Let h = 91 + -14. List the prime factors of h.
7, 11
Let w be (40/(-15))/((-4)/6). Suppose 0 = w*q - 8*q + 20. What are the prime factors of q?
5
Let t = 98 + -14. What are the prime factors of t?
2, 3, 7
Suppose -4*m = 4*b + 12, -2*m + 16 - 4 = -b. Let c be 16/b*-1*3. Suppose 2*p = c, 4*d + 0*p - 36 = -4*p. List the prime factors of d.
5
Let a be (-19)/(-4) - 2/(-8). Suppose 0*z - 4*z + 228 = -4*k, -4*k = -a*z + 289. Suppose -5*i + 76 = 4*m, 4*i + 3*m - z = -0*i. List the prime factors of i.
2
List the prime factors of 2/14 - (-2688)/49.
5, 11
Let o = 50 - 16. Suppose -3*l = -l - o. What are the prime factors of l?
17
Let k be (2/3)/(1/3). Suppose 0 = -k*p + 42 + 68. Suppose 3*s - p = -2*s. List the prime factors of s.
11
Let t(o) = -4*o - 1 + 5*o + 5*o**2 + 2. List the prime factors of t(-1).
5
Let t be (-2 + 0)/(2/3). Let h = 8 - t. What are the prime factors of h?
11
Let g = 2 - 2. Let f(q) = -q - 3. Let z be f(g). Let n = z - -7. List the prime factors of n.
2
Let u(b) = 25*b - 1. Let m be u(3). Let x = -52 + m. List the prime factors of x.
2, 11
Let u(l) = l. Let f(w) = -w - 1. Let j(y) = -f(y) - 2*u(y). Let b be j(-9). Let d = b + -7. What are the prime factors of d?
3
Suppose y = 5*c - 7*c + 7, 2*c = -5*y + 51. Let u = 8 + y. List the prime factors of u.
19
Let d = -1 + 0. Let i(a) = -3*a + 1. Let s be i(d). Suppose 0 = -s*u - 3*z + 2*z + 12, 3*u = -4*z + 9. List the prime factors of u.
3
Suppose -2*w = -58 - 44. List the prime factors of w.
3, 17
Suppose 2*l + 3*l - 75 = 0. What are the prime factors of l?
3, 5
Let l be (-6)/24 + 9/4. Suppose -2*o + 2*a = 2, -3*a = -l*o - 8*a - 2. What are the prime factors of ((-33)/(-9))/(o/(-3))?
11
Let r be (4 - 3) + -2 + 1. Let c = r + 4. List the prime factors of c.
2
Let y(c) = c**2 - 5*c + 2. Let t be y(5). Let q be (-7 + 6)/(-1*1). Suppose 7 = t*i - q. List the prime factors of i.
2
Let k = 8 - -3. What are the prime factors of k?
11
Let f = -1 + 5. Suppose f*o + 5 = -3. What are the prime factors of o/7 + 465/35?
13
Suppose 0 = -5*a + a + 8. Let s = 4 - a. What are the prime factors of s?
2
Suppose 1 = t - 38. Let o = t - 19. What are the prime factors of o?
2, 5
Let h = 8 + -13. Let l = 11 - 5. What are the prime factors of (15/l)/h*-22?
11
Suppose 13*d - 765 = 8*d. What are the prime factors of d?
3, 17
Suppose 4*q + 0*q = 40. What are the prime factors of q?
2, 5
Let c(w) = w**2 + 5*w + 5. Let v be c(-2). Let m = 21 - v. List the prime factors of m.
2, 11
Let a be 16/(-6) - (-2)/3. Let v(w) = -2*w - 2. Let r be v(a). What are the prime factors of (1 - 3)*(-7)/r?
7
Let s = 6 + -3. What are the prime factors of 2 - (-3 + s)/(-1)?
2
What are the prime factors of 0 - (1 - 0) - (-1 + -134)?
2, 67
Let d(g) = -g - 7. Let v be d(0). Let u = 7 + v. Suppose 99 - 39 = 5*j - 5*q, u = -5*j - 3*q + 60. What are the prime factors of j?
2, 3
Suppose -3*x - 2*o + 174 = x, 5*x + 3*o = 218. What are the prime factors of x?
43
Let d(t) = -t + 3. Let i = -3 - 4. What are the prime factors of d(i)?
2, 5
Let n = 13 + -20. Let i(t) = -3*t - 9. What are the prime factors of i(n)?
2, 3
Let y(b) = -b**2 - 7*b - 3. Let l be 24/(-20)*(-10)/(-2). Let k be y(l). Let i = k + 6. List the prime factors of i.
3
Let k = 204 + 96. What are the prime factors of k?
2, 3, 5
Let f = 53 + 2. Suppose -5*u + 210 = f. List the prime factors of u.
31
Let r = 129 - 89. What are the prime factors of r?
2, 5
Let r(n) be the first derivative of n**4/4 + 4*n**3/3 - 3*n**2/2 - 5*n + 5. Suppose 6*c - 3*c = -12. What are the prime factors of r(c)?
7
Suppose 0 = i + 20 - 24. What are the prime factors of i?
2
Suppose -n + 96 = 5*v - 54, -5 = n. List the prime factors of v.
31
Suppose -3 = 2*c - 13. List the prime factors of 54/(c - 2) + -3.
3, 5
Suppose -3*d = 2*h - 4*h - 36, 0 = 3*d - 12. Let q = h - -22. What are the prime factors of q?
2, 5
Suppose y + 4*y + 4*i = 38, -3*i + 12 = y. Let a = y + -4. What are the prime factors of a?
2
List the prime factors of 4/8*-2*-39.
3, 13
Let f(k) be the first derivative of -k**4/4 - k**3/3 - k**2/2 + 7*k - 1. What are the prime factors of f(0)?
7
Let w be -1 - 6*4/(-6). Suppose 0 = 4*q + w - 19. List the prime factors of q.
2
Let h(n) = 35*n - 1. Let p be h(2). Suppose -3*c = -2*v + 16, v - 4*c - 13 = -0*c. Suppose -p = -3*m + v*w, -3*w = -5*m + 118 - 3. List the prime factors of m.
23
Suppose -c + 3*m = -2*m + 11, 0 = -2*m. Let w = c + 71. What are the prime factors of w?
2, 3, 5
Let a = -29 + 73. Let b be (a + 7)*4/6. Suppose 3*g - 4*f = b, g = -f + 6*f + 26. List the prime factors of g.
2, 3
Let n(z) = 5*z**3 + 2*z - 1. Let q = -4 - -5. Let l = 0 + q. What are the prime factors of n(l)?
2, 3
Suppose -176 + 806 = 5*i. Suppose -5*l + 80 = 4*j - 38, -4*j + i = l. Let v = j + -22. List the prime factors of v.
2, 5
Suppose -4*q + 110 = -46. What are the prime factors of q?
3, 13
Let g(j) = -248*j - 15. List the prime factors of g(-1).
233
Suppose -10 = -8*g + 3*g. Let u = g + -7. Let q(b) = b**3 + 4*b**2 - 8*b - 7. What are the prime factors of q(u)?
2
Suppose 4*c - 5*y + 9 = 37, 2*c = -5*y + 14. Let q = -7 + c. Suppose -2*r - 4*g + 56 = q, 3*g = -0*g + 12. List the prime factors of r.
2, 5
Let u be ((-1)/(-2))/((-5)/(-60)). Suppose -5*a = -3*q - 204, -3*q = -3*a - 2*q + 124. Suppose 0 = -2*i + a - u. List the prime factors of i.
2, 3
Suppose -4*q - 16 = 0, 2*n = 5*q - 11 + 57. Let b(d) = -d**2 + 7*d. Let o be b(5). Suppose -2*v = 5*z - n, o + 12 = 2*v + 2*z. List the prime factors of v.
2, 7
Suppose -20 = -5*k + 3*k. What are the prime factors of (k/8)/((-1)/(-8))?
2, 5
Suppose 0 = -5*q + p + 4*p + 160, -2 = -2*p. What are the prime factors of q?
3, 11
Suppose 3*c - 7 = 2. Suppose 0 = 7*h - c*h - d - 10, -2 = -5*h - 4*d. List the prime factors of h - 3/(6/(-10)).
7
Let i = 8 - 3. Suppose 0 = -2*u + m + 21, i*u + 5*m = u + 49. What are the prime factors of u?
11
Let l(c) = 5 - 3 - 4 - 16*c. What are the prime factors of l(-2)?
2, 3, 5
List the prime factors of -2 + 0 - 0 - (-3 - 174).
5, 7
Let r = -35 + 26. Let w = r + 30. What are the prime factors of w?
3, 7
Let z(r) = r**2 + 8*r + 11. Let o be z(-10). Let g(i) = i**3 + 5*i**2 + 3*i - 5. Let n be g(-5). Let b = o + n. List the prime factors of b.
11
Let o be 4/(3/6 + -1). Suppose 5*j - 3*c + 84 = 0, -2*j - 45 + 5 = 2*c. List the prime factors of o/36 - 166/j.
3
Let u = 10 - 1. Suppose 4*x + u = -11. Let k = 10 + x. What are the prime factors of k?
5
Let q(s) = s**2 + 2*s - 10. Let k(r) = -r**2 - 2*r + 11. Let t(x) = 5*k(x) + 6*q(x). What are the prime factors of t(4)?
19
Suppose 3*x - 4*f + 5 = 0, 2*f + 10 = 4*x - 0*f. List the prime factors of -2 + x - -12 - 0.
3, 5
Suppose 3*r - 4*x = -12, 3*x - 5 = 2*r + 3. What are the prime factors of (-18)/r*4/3?
2, 3
Let q(y) = y**2 - 2. Let k be q(0). Let n be 2/(k/(-1 + -3)). Suppose -n*g - 3*s + 12 = 0, 2*s = -5*g - 5 + 20. What are the prime factors of g?
3
Let a(q) be the third derivative of q**4/8 - 2*q**3/3 + 3*q**2. List the prime factors of a(5).
1